{"id":3107,"date":"2022-03-02T20:31:40","date_gmt":"2022-03-02T19:31:40","guid":{"rendered":"https:\/\/sereingeniera.ugr.es\/?page_id=3107"},"modified":"2024-02-29T19:13:37","modified_gmt":"2024-02-29T18:13:37","slug":"presentacion-2","status":"publish","type":"page","link":"https:\/\/sereingeniera.ugr.es\/index.php\/presentacion-2\/","title":{"rendered":"Presentaci\u00f3n 2022"},"content":{"rendered":"\n<h1 class=\"wp-block-heading\">Presentaci\u00f3n 2022<\/h1>\n\n\n\n<p>\u00c9sta&nbsp; es la IX edici\u00f3n del Campus de chicas&nbsp; y va dedicado a chicas que quieran saber sobre tecnolog\u00eda, programaci\u00f3n. Chicas con ilusi\u00f3n por aprender cosas nuevas, chicas valientes que no tengan miedo a enfrentarse a retos.<\/p>\n\n\n\n<p>Queremos ense\u00f1aros lo que hacen las ingenieras inform\u00e1ticas, las ingenieras de telecomunicaci\u00f3n, electr\u00f3nica, etc. En general las chicas que hemos estudiado carreras tecnol\u00f3gicas. Para ello os estamos preparando unos proyectos muy chulos que ya os iremos contando en el blog en pr\u00f3ximas entradas.<\/p>\n\n\n\n<p><strong>Novedades:<\/strong> La duraci\u00f3n ser\u00e1 de 10 d\u00edas laborales y dos m\u00e1s que las chicas aprovechar\u00e1n para adelantar sus proyectos. Durante esos d\u00edas convivir\u00e9is en las aulas de la ETSIIT con chicas con intereses parecidos a los vuestros, podr\u00e9is conoceros, aprender y sobre todo impresionar a todos cuando les ense\u00f1\u00e9is los proyectos que hab\u00e9is preparado en tan solo 10 d\u00edas.<\/p>\n\n\n\n<p>Este a\u00f1o el campus se desarrollara en la sede de la Universidad de Granada (ETSIIT en Granada) y se realizar\u00e1 gracias a todas las empresas que nos apoyan, que las unimos al proyecto para que en julio de 2022 podamos vivir y disfrutar juntas esta experiencia.<\/p>\n\n\n\n<h2 class=\"wp-block-heading\"><strong>\u00bfQui\u00e9nes somos?<\/strong><\/h2>\n\n\n\n<p>El coordinador del proyecto es <strong>Pablo Garc\u00eda S\u00e1nchez<\/strong>, Director de la Oficina de Software Libre de la Universidad de Granada y profesor del Departamento de Arquitectura y Tecnolog\u00eda de Computadores en la misma universidad.&nbsp;<\/p>\n\n\n\n<p><strong>Sedes para el Campus:<\/strong> En esta edici\u00f3n volvemos a contar con:<\/p>\n\n\n\n<ul class=\"wp-block-list\">\n<li><strong>Escuela Superior de Ingenier\u00eda Inform\u00e1tica y Telecomunicaci\u00f3n de Granada<\/strong> que nos cede los espacios para la realizaci\u00f3n del campus completo.<\/li>\n<\/ul>\n\n\n\n<h2 class=\"wp-block-heading\"><strong>\u00bfEn qu\u00e9 consiste el proyecto?<\/strong><\/h2>\n\n\n\n<p>Este proyecto consta de un Campus Tecnol\u00f3gico. Se trata de un programa formativo dirigido a <strong>chicas preuniversitarias<\/strong>, quienes abordan un proyecto tecnol\u00f3gico durante 10 d\u00edas en esta edici\u00f3n y exhiben los resultados de su trabajo en una jornada final en la sede donde realizan el campus.<\/p>\n\n\n\n<p>El objetivo principal del Campus es el de despertar la vocaci\u00f3n en las \u00e1reas STEM (Sciences, Technology, Engineering and Mathematics en ingl\u00e9s; Ciencias, Tecnolog\u00eda, Ingenier\u00eda y Matem\u00e1ticas, siglas CTIM en espa\u00f1ol) en chicas preuniversitarias.<\/p>\n\n\n\n<p>Nuestro <strong>objetivo<\/strong> es difundir y hacer notar a las escolares su potencial y sus posibilidades en las \u00e1reas STEM a la vez que se propicia un foro de discusi\u00f3n sobre la situaci\u00f3n actual de las mujeres en el \u00e1mbito STEM y su baja participaci\u00f3n en \u00e9l.<\/p>\n\n\n\n<h2 class=\"wp-block-heading\"><strong>Plazos y otra informaci\u00f3n de inter\u00e9s: (a\u00fan no definitivos)<\/strong><\/h2>\n\n\n\n<ul class=\"wp-block-list\">\n<li>El <strong>d\u00eda 30 de abril <\/strong>abrimos un plazo de pre-inscripci\u00f3n de alumnas, para realizar una selecci\u00f3n de estudiantes y proceder a la inscripci\u00f3n de alumnas. El cierre de dicho plazo ser\u00e1 el <strong>31 de mayo.<\/strong><\/li>\n\n\n\n<li>La publicaci\u00f3n de admisiones provisionales se har\u00e1 el<strong> 3 de junio<\/strong> siendo la definitiva el <strong>29 de junio<\/strong>.<\/li>\n\n\n\n<li>En<strong> julio&nbsp;<\/strong>del d\u00eda <strong>4 al 15<\/strong>&nbsp;desarrollamos el Campus y el \u00faltimo d\u00eda ser\u00e1 la jornada de puertas abiertas donde las chicas exhibir\u00e1n sus trabajos.<\/li>\n\n\n\n<li>Puedes seguirnos en Twitter: <a href=\"https:\/\/twitter.com\/sereingeniera\">@SereIngeniera,<\/a>&nbsp;en <a href=\"https:\/\/twitter.com\/OSLUGR\">@oslugr<\/a> o contactar con nosotras en <a href=\"mailto:sereingeniera@gmail.com\">dirosl@ugr.es <\/a>&nbsp;si tienes dudas de alg\u00fan tipo.<\/li>\n<\/ul>\n","protected":false},"excerpt":{"rendered":"<p>Presentaci\u00f3n 2022 \u00c9sta&nbsp; es la IX edici\u00f3n del Campus de chicas&nbsp; y va dedicado a chicas que quieran saber sobre tecnolog\u00eda, programaci\u00f3n. Chicas con ilusi\u00f3n por aprender cosas nuevas, chicas valientes que no tengan miedo a enfrentarse a retos. Queremos ense\u00f1aros lo que hacen las ingenieras inform\u00e1ticas, las ingenieras de telecomunicaci\u00f3n, electr\u00f3nica, etc. En general &hellip; <a href=\"https:\/\/sereingeniera.ugr.es\/index.php\/presentacion-2\/\" class=\"more-link\">Seguir leyendo <span class=\"screen-reader-text\">Presentaci\u00f3n 2022<\/span> <span class=\"meta-nav\">&rarr;<\/span><\/a><\/p>\n","protected":false},"author":9,"featured_media":0,"parent":0,"menu_order":0,"comment_status":"closed","ping_status":"closed","template":"","meta":{"footnotes":"","_links_to":"","_links_to_target":""},"class_list":["post-3107","page","type-page","status-publish","hentry"],"yoast_head":"<!-- This site is optimized with the Yoast SEO plugin v27.5 - https:\/\/yoast.com\/product\/yoast-seo-wordpress\/ -->\n<title>Presentaci\u00f3n 2022 - Ser\u00e9 Ingeniera<\/title>\n<meta name=\"robots\" content=\"index, follow, max-snippet:-1, max-image-preview:large, max-video-preview:-1\" \/>\n<link rel=\"canonical\" href=\"https:\/\/sereingeniera.ugr.es\/index.php\/presentacion-2\/\" \/>\n<meta property=\"og:locale\" content=\"es_ES\" \/>\n<meta property=\"og:type\" content=\"article\" \/>\n<meta property=\"og:title\" content=\"Presentaci\u00f3n 2022 - Ser\u00e9 Ingeniera\" \/>\n<meta property=\"og:description\" content=\"Presentaci\u00f3n 2022 \u00c9sta&nbsp; es la IX edici\u00f3n del Campus de chicas&nbsp; y va dedicado a chicas que quieran saber sobre tecnolog\u00eda, programaci\u00f3n. Chicas con ilusi\u00f3n por aprender cosas nuevas, chicas valientes que no tengan miedo a enfrentarse a retos. Queremos ense\u00f1aros lo que hacen las ingenieras inform\u00e1ticas, las ingenieras de telecomunicaci\u00f3n, electr\u00f3nica, etc. En general &hellip; Seguir leyendo Presentaci\u00f3n 2022 &rarr;\" \/>\n<meta property=\"og:url\" content=\"https:\/\/sereingeniera.ugr.es\/index.php\/presentacion-2\/\" \/>\n<meta property=\"og:site_name\" content=\"Ser\u00e9 Ingeniera\" \/>\n<meta property=\"article:modified_time\" content=\"2024-02-29T18:13:37+00:00\" \/>\n<meta name=\"twitter:card\" content=\"summary_large_image\" \/>\n<meta name=\"twitter:label1\" content=\"Tiempo de lectura\" \/>\n\t<meta name=\"twitter:data1\" content=\"3 minutos\" \/>\n<script type=\"application\/ld+json\" class=\"yoast-schema-graph\">{\"@context\":\"https:\\\/\\\/schema.org\",\"@graph\":[{\"@type\":\"WebPage\",\"@id\":\"https:\\\/\\\/sereingeniera.ugr.es\\\/index.php\\\/presentacion-2\\\/\",\"url\":\"https:\\\/\\\/sereingeniera.ugr.es\\\/index.php\\\/presentacion-2\\\/\",\"name\":\"Presentaci\u00f3n 2022 - Ser\u00e9 Ingeniera\",\"isPartOf\":{\"@id\":\"https:\\\/\\\/sereingeniera.ugr.es\\\/#website\"},\"datePublished\":\"2022-03-02T19:31:40+00:00\",\"dateModified\":\"2024-02-29T18:13:37+00:00\",\"breadcrumb\":{\"@id\":\"https:\\\/\\\/sereingeniera.ugr.es\\\/index.php\\\/presentacion-2\\\/#breadcrumb\"},\"inLanguage\":\"es\",\"potentialAction\":[{\"@type\":\"ReadAction\",\"target\":[\"https:\\\/\\\/sereingeniera.ugr.es\\\/index.php\\\/presentacion-2\\\/\"]}]},{\"@type\":\"BreadcrumbList\",\"@id\":\"https:\\\/\\\/sereingeniera.ugr.es\\\/index.php\\\/presentacion-2\\\/#breadcrumb\",\"itemListElement\":[{\"@type\":\"ListItem\",\"position\":1,\"name\":\"Portada\",\"item\":\"https:\\\/\\\/sereingeniera.ugr.es\\\/\"},{\"@type\":\"ListItem\",\"position\":2,\"name\":\"Presentaci\u00f3n 2022\"}]},{\"@type\":\"WebSite\",\"@id\":\"https:\\\/\\\/sereingeniera.ugr.es\\\/#website\",\"url\":\"https:\\\/\\\/sereingeniera.ugr.es\\\/\",\"name\":\"Ser\u00e9 Ingeniera\",\"description\":\"\",\"potentialAction\":[{\"@type\":\"SearchAction\",\"target\":{\"@type\":\"EntryPoint\",\"urlTemplate\":\"https:\\\/\\\/sereingeniera.ugr.es\\\/?s={search_term_string}\"},\"query-input\":{\"@type\":\"PropertyValueSpecification\",\"valueRequired\":true,\"valueName\":\"search_term_string\"}}],\"inLanguage\":\"es\"}]}<\/script>\n<!-- \/ Yoast SEO plugin. -->","yoast_head_json":{"title":"Presentaci\u00f3n 2022 - Ser\u00e9 Ingeniera","robots":{"index":"index","follow":"follow","max-snippet":"max-snippet:-1","max-image-preview":"max-image-preview:large","max-video-preview":"max-video-preview:-1"},"canonical":"https:\/\/sereingeniera.ugr.es\/index.php\/presentacion-2\/","og_locale":"es_ES","og_type":"article","og_title":"Presentaci\u00f3n 2022 - Ser\u00e9 Ingeniera","og_description":"Presentaci\u00f3n 2022 \u00c9sta&nbsp; es la IX edici\u00f3n del Campus de chicas&nbsp; y va dedicado a chicas que quieran saber sobre tecnolog\u00eda, programaci\u00f3n. Chicas con ilusi\u00f3n por aprender cosas nuevas, chicas valientes que no tengan miedo a enfrentarse a retos. Queremos ense\u00f1aros lo que hacen las ingenieras inform\u00e1ticas, las ingenieras de telecomunicaci\u00f3n, electr\u00f3nica, etc. En general &hellip; Seguir leyendo Presentaci\u00f3n 2022 &rarr;","og_url":"https:\/\/sereingeniera.ugr.es\/index.php\/presentacion-2\/","og_site_name":"Ser\u00e9 Ingeniera","article_modified_time":"2024-02-29T18:13:37+00:00","twitter_card":"summary_large_image","twitter_misc":{"Tiempo de lectura":"3 minutos"},"schema":{"@context":"https:\/\/schema.org","@graph":[{"@type":"WebPage","@id":"https:\/\/sereingeniera.ugr.es\/index.php\/presentacion-2\/","url":"https:\/\/sereingeniera.ugr.es\/index.php\/presentacion-2\/","name":"Presentaci\u00f3n 2022 - Ser\u00e9 Ingeniera","isPartOf":{"@id":"https:\/\/sereingeniera.ugr.es\/#website"},"datePublished":"2022-03-02T19:31:40+00:00","dateModified":"2024-02-29T18:13:37+00:00","breadcrumb":{"@id":"https:\/\/sereingeniera.ugr.es\/index.php\/presentacion-2\/#breadcrumb"},"inLanguage":"es","potentialAction":[{"@type":"ReadAction","target":["https:\/\/sereingeniera.ugr.es\/index.php\/presentacion-2\/"]}]},{"@type":"BreadcrumbList","@id":"https:\/\/sereingeniera.ugr.es\/index.php\/presentacion-2\/#breadcrumb","itemListElement":[{"@type":"ListItem","position":1,"name":"Portada","item":"https:\/\/sereingeniera.ugr.es\/"},{"@type":"ListItem","position":2,"name":"Presentaci\u00f3n 2022"}]},{"@type":"WebSite","@id":"https:\/\/sereingeniera.ugr.es\/#website","url":"https:\/\/sereingeniera.ugr.es\/","name":"Ser\u00e9 Ingeniera","description":"","potentialAction":[{"@type":"SearchAction","target":{"@type":"EntryPoint","urlTemplate":"https:\/\/sereingeniera.ugr.es\/?s={search_term_string}"},"query-input":{"@type":"PropertyValueSpecification","valueRequired":true,"valueName":"search_term_string"}}],"inLanguage":"es"}]}},"_links":{"self":[{"href":"https:\/\/sereingeniera.ugr.es\/index.php\/wp-json\/wp\/v2\/pages\/3107","targetHints":{"allow":["GET"]}}],"collection":[{"href":"https:\/\/sereingeniera.ugr.es\/index.php\/wp-json\/wp\/v2\/pages"}],"about":[{"href":"https:\/\/sereingeniera.ugr.es\/index.php\/wp-json\/wp\/v2\/types\/page"}],"author":[{"embeddable":true,"href":"https:\/\/sereingeniera.ugr.es\/index.php\/wp-json\/wp\/v2\/users\/9"}],"replies":[{"embeddable":true,"href":"https:\/\/sereingeniera.ugr.es\/index.php\/wp-json\/wp\/v2\/comments?post=3107"}],"version-history":[{"count":6,"href":"https:\/\/sereingeniera.ugr.es\/index.php\/wp-json\/wp\/v2\/pages\/3107\/revisions"}],"predecessor-version":[{"id":3558,"href":"https:\/\/sereingeniera.ugr.es\/index.php\/wp-json\/wp\/v2\/pages\/3107\/revisions\/3558"}],"wp:attachment":[{"href":"https:\/\/sereingeniera.ugr.es\/index.php\/wp-json\/wp\/v2\/media?parent=3107"}],"curies":[{"name":"wp","href":"https:\/\/api.w.org\/{rel}","templated":true}]}}